{"id":258,"date":"2026-02-08T14:42:08","date_gmt":"2026-02-08T13:42:08","guid":{"rendered":"https:\/\/www.uamksr.sk\/uamk\/?page_id=258"},"modified":"2026-03-09T19:14:54","modified_gmt":"2026-03-09T18:14:54","slug":"partneri","status":"publish","type":"page","link":"https:\/\/www.uamksr.sk\/uamk\/partneri","title":{"rendered":"Partneri \u00dastredn\u00e9ho automotoklubu Slovensk\u00e1 republika"},"content":{"rendered":"\n<div class=\"wp-block-group is-layout-grid wp-container-core-group-is-layout-9649a0d9 wp-block-group-is-layout-grid\">\n<figure class=\"wp-block-image size-full\"><a href=\"https:\/\/www.stvr.sk\/\" target=\"_blank\" rel=\" noreferrer noopener\"><img loading=\"lazy\" decoding=\"async\" width=\"200\" height=\"87\" src=\"https:\/\/www.uamksr.sk\/uamk\/wp-content\/uploads\/2026\/03\/Radio-Slovensko-logo-200.png\" alt=\"\" class=\"wp-image-1822\"\/><\/a><\/figure>\n\n\n\n<figure class=\"wp-block-image size-full\"><a href=\"https:\/\/zelenavlna.stvr.sk\/\" target=\"_blank\" rel=\" noreferrer noopener\"><img loading=\"lazy\" decoding=\"async\" width=\"200\" height=\"88\" src=\"https:\/\/www.uamksr.sk\/uamk\/wp-content\/uploads\/2026\/03\/Zelena-Vlna-logo-200.png\" alt=\"\" class=\"wp-image-1832\"\/><\/a><\/figure>\n\n\n\n<figure class=\"wp-block-image size-full\"><a href=\"https:\/\/www.smf.sk\/\" target=\"_blank\" rel=\" noreferrer noopener\"><img loading=\"lazy\" decoding=\"async\" width=\"200\" height=\"115\" src=\"https:\/\/www.uamksr.sk\/uamk\/wp-content\/uploads\/2026\/03\/smf-logo-200.png\" alt=\"\" class=\"wp-image-1827\"\/><\/a><\/figure>\n\n\n\n<figure class=\"wp-block-image size-thumbnail\"><a href=\"https:\/\/www.saloon-hdb.sk\/\" target=\"_blank\" rel=\" noreferrer noopener\"><img loading=\"lazy\" decoding=\"async\" width=\"150\" height=\"150\" src=\"https:\/\/www.uamksr.sk\/uamk\/wp-content\/uploads\/2026\/03\/Harley_bratislava-200-150x150.png\" alt=\"\" class=\"wp-image-1812\" srcset=\"https:\/\/www.uamksr.sk\/uamk\/wp-content\/uploads\/2026\/03\/Harley_bratislava-200-150x150.png 150w, https:\/\/www.uamksr.sk\/uamk\/wp-content\/uploads\/2026\/03\/Harley_bratislava-200.png 200w\" sizes=\"auto, (max-width: 150px) 100vw, 150px\" \/><\/a><\/figure>\n<\/div>\n\n\n\n<p class=\"has-background\" style=\"background-color:#edcf10\"><\/p>\n\n\n\n<div class=\"wp-block-group is-layout-grid wp-container-core-group-is-layout-9649a0d9 wp-block-group-is-layout-grid\">\n<figure class=\"wp-block-image size-thumbnail\"><a href=\"https:\/\/msp.bratislava.sk\/\" target=\"_blank\" rel=\" noreferrer noopener\"><img loading=\"lazy\" decoding=\"async\" width=\"150\" height=\"150\" src=\"https:\/\/www.uamksr.sk\/uamk\/wp-content\/uploads\/2026\/03\/mestskapolicialogo-200-150x150.png\" alt=\"\" class=\"wp-image-1818\" srcset=\"https:\/\/www.uamksr.sk\/uamk\/wp-content\/uploads\/2026\/03\/mestskapolicialogo-200-150x150.png 150w, https:\/\/www.uamksr.sk\/uamk\/wp-content\/uploads\/2026\/03\/mestskapolicialogo-200.png 200w\" sizes=\"auto, (max-width: 150px) 100vw, 150px\" \/><\/a><\/figure>\n\n\n\n<figure class=\"wp-block-image size-thumbnail\"><a href=\"https:\/\/www.minv.sk\/?policia\" target=\"_blank\" rel=\" noreferrer noopener\"><img loading=\"lazy\" decoding=\"async\" width=\"150\" height=\"150\" src=\"https:\/\/www.uamksr.sk\/uamk\/wp-content\/uploads\/2026\/03\/policialogo-1-200-150x150.png\" alt=\"\" class=\"wp-image-1821\" srcset=\"https:\/\/www.uamksr.sk\/uamk\/wp-content\/uploads\/2026\/03\/policialogo-1-200-150x150.png 150w, https:\/\/www.uamksr.sk\/uamk\/wp-content\/uploads\/2026\/03\/policialogo-1-200.png 200w\" sizes=\"auto, (max-width: 150px) 100vw, 150px\" \/><\/a><\/figure>\n\n\n\n<figure class=\"wp-block-image size-thumbnail\"><a href=\"https:\/\/www.minv.sk\/?dopravna_policia\" target=\"_blank\" rel=\" noreferrer noopener\"><img loading=\"lazy\" decoding=\"async\" width=\"150\" height=\"150\" src=\"https:\/\/www.uamksr.sk\/uamk\/wp-content\/uploads\/2026\/03\/dopravnapolicialogo-200-150x150.png\" alt=\"\" class=\"wp-image-1811\" srcset=\"https:\/\/www.uamksr.sk\/uamk\/wp-content\/uploads\/2026\/03\/dopravnapolicialogo-200-150x150.png 150w, https:\/\/www.uamksr.sk\/uamk\/wp-content\/uploads\/2026\/03\/dopravnapolicialogo-200.png 200w\" sizes=\"auto, (max-width: 150px) 100vw, 150px\" \/><\/a><\/figure>\n\n\n\n<figure class=\"wp-block-image size-thumbnail\"><a href=\"https:\/\/www.minv.sk\/?kontakty-26\" target=\"_blank\" rel=\" noreferrer noopener\"><img loading=\"lazy\" decoding=\"async\" width=\"150\" height=\"150\" src=\"https:\/\/www.uamksr.sk\/uamk\/wp-content\/uploads\/2026\/03\/logo-KRPZ-BA-200-150x150.png\" alt=\"\" class=\"wp-image-1813\" srcset=\"https:\/\/www.uamksr.sk\/uamk\/wp-content\/uploads\/2026\/03\/logo-KRPZ-BA-200-150x150.png 150w, https:\/\/www.uamksr.sk\/uamk\/wp-content\/uploads\/2026\/03\/logo-KRPZ-BA-200.png 200w\" sizes=\"auto, (max-width: 150px) 100vw, 150px\" \/><\/a><\/figure>\n<\/div>\n\n\n\n<p class=\"has-background\" style=\"background-color:#edcf10\"><\/p>\n\n\n\n<div class=\"wp-block-group is-layout-grid wp-container-core-group-is-layout-9649a0d9 wp-block-group-is-layout-grid\">\n<figure class=\"wp-block-image size-full wp-container-content-69bc4bdf\"><a href=\"https:\/\/www.vrakuna.sk\/\" target=\"_blank\" rel=\" noreferrer noopener\"><img loading=\"lazy\" decoding=\"async\" width=\"200\" height=\"239\" src=\"https:\/\/www.uamksr.sk\/uamk\/wp-content\/uploads\/2026\/03\/vrakunalogo-200.png\" alt=\"\" class=\"wp-image-1831\"\/><\/a><\/figure>\n\n\n\n<figure class=\"wp-block-image size-full\"><a href=\"https:\/\/bratislavskykraj.sk\/\" target=\"_blank\" rel=\" noreferrer noopener\"><img loading=\"lazy\" decoding=\"async\" width=\"200\" height=\"180\" src=\"https:\/\/www.uamksr.sk\/uamk\/wp-content\/uploads\/2026\/03\/bsk-200.png\" alt=\"\" class=\"wp-image-1809\"\/><\/a><\/figure>\n\n\n\n<figure class=\"wp-block-image size-full\"><a href=\"https:\/\/www.zmos.sk\/\" target=\"_blank\" rel=\" noreferrer noopener\"><img loading=\"lazy\" decoding=\"async\" width=\"200\" height=\"200\" src=\"https:\/\/www.uamksr.sk\/uamk\/wp-content\/uploads\/2026\/03\/zmos-200.png\" alt=\"\" class=\"wp-image-1833\" srcset=\"https:\/\/www.uamksr.sk\/uamk\/wp-content\/uploads\/2026\/03\/zmos-200.png 200w, https:\/\/www.uamksr.sk\/uamk\/wp-content\/uploads\/2026\/03\/zmos-200-150x150.png 150w\" sizes=\"auto, (max-width: 200px) 100vw, 200px\" \/><\/a><\/figure>\n\n\n\n<figure class=\"wp-block-image size-full\"><a href=\"https:\/\/www.ruzinov.sk\/\" target=\"_blank\" rel=\" noreferrer noopener\"><img loading=\"lazy\" decoding=\"async\" width=\"200\" height=\"249\" src=\"https:\/\/www.uamksr.sk\/uamk\/wp-content\/uploads\/2026\/03\/Logo-Ruzinov-1-200.png\" alt=\"\" class=\"wp-image-1816\"\/><\/a><\/figure>\n<\/div>\n\n\n\n<p class=\"has-background\" style=\"background-color:#edcf10\"><\/p>\n\n\n\n<div class=\"wp-block-group is-layout-grid wp-container-core-group-is-layout-9649a0d9 wp-block-group-is-layout-grid\">\n<figure class=\"wp-block-image size-full\"><a href=\"https:\/\/asos.sk\/\" target=\"_blank\" rel=\" noreferrer noopener\"><img loading=\"lazy\" decoding=\"async\" width=\"200\" height=\"200\" src=\"https:\/\/www.uamksr.sk\/uamk\/wp-content\/uploads\/2026\/03\/asos-logo-200.png\" alt=\"\" class=\"wp-image-1807\" srcset=\"https:\/\/www.uamksr.sk\/uamk\/wp-content\/uploads\/2026\/03\/asos-logo-200.png 200w, https:\/\/www.uamksr.sk\/uamk\/wp-content\/uploads\/2026\/03\/asos-logo-200-150x150.png 150w\" sizes=\"auto, (max-width: 200px) 100vw, 200px\" \/><\/a><\/figure>\n\n\n\n<figure class=\"wp-block-image size-full\"><a href=\"https:\/\/stknigol.sk\/\" target=\"_blank\" rel=\" noreferrer noopener\"><img loading=\"lazy\" decoding=\"async\" width=\"200\" height=\"191\" src=\"https:\/\/www.uamksr.sk\/uamk\/wp-content\/uploads\/2026\/03\/STK-nigol-200.png\" alt=\"\" class=\"wp-image-1828\"\/><\/a><\/figure>\n\n\n\n<figure class=\"wp-block-image size-full\"><img loading=\"lazy\" decoding=\"async\" width=\"200\" height=\"204\" src=\"https:\/\/www.uamksr.sk\/uamk\/wp-content\/uploads\/2026\/03\/skroute66-200.png\" alt=\"\" class=\"wp-image-1825\"\/><\/figure>\n\n\n\n<figure class=\"wp-block-image size-full\"><a href=\"https:\/\/redcross.sk\/\" target=\"_blank\" rel=\" noreferrer noopener\"><img loading=\"lazy\" decoding=\"async\" width=\"200\" height=\"200\" src=\"https:\/\/www.uamksr.sk\/uamk\/wp-content\/uploads\/2026\/03\/SCK_LOGO-200.png\" alt=\"\" class=\"wp-image-1824\" srcset=\"https:\/\/www.uamksr.sk\/uamk\/wp-content\/uploads\/2026\/03\/SCK_LOGO-200.png 200w, https:\/\/www.uamksr.sk\/uamk\/wp-content\/uploads\/2026\/03\/SCK_LOGO-200-150x150.png 150w\" sizes=\"auto, (max-width: 200px) 100vw, 200px\" \/><\/a><\/figure>\n<\/div>\n\n\n\n<p class=\"has-background\" style=\"background-color:#edcf10\"><\/p>\n\n\n\n<div class=\"wp-block-group is-layout-grid wp-container-core-group-is-layout-9649a0d9 wp-block-group-is-layout-grid\">\n<figure class=\"wp-block-image size-full\"><img loading=\"lazy\" decoding=\"async\" width=\"200\" height=\"100\" src=\"https:\/\/www.uamksr.sk\/uamk\/wp-content\/uploads\/2026\/03\/uamkSRO-200.png\" alt=\"\" class=\"wp-image-1829\"\/><\/figure>\n\n\n\n<figure class=\"wp-block-image size-full\"><a href=\"https:\/\/sams-asn.sk\/\" target=\"_blank\" rel=\" noreferrer noopener\"><img loading=\"lazy\" decoding=\"async\" width=\"200\" height=\"68\" src=\"https:\/\/www.uamksr.sk\/uamk\/wp-content\/uploads\/2026\/03\/logo_sams-200.png\" alt=\"\" class=\"wp-image-1814\"\/><\/a><\/figure>\n\n\n\n<figure class=\"wp-block-image size-full\"><a href=\"https:\/\/znalci.sk\/\" target=\"_blank\" rel=\" noreferrer noopener\"><img loading=\"lazy\" decoding=\"async\" width=\"200\" height=\"81\" src=\"https:\/\/www.uamksr.sk\/uamk\/wp-content\/uploads\/2026\/03\/Logo-asociacia-znalcov-200.png\" alt=\"\" class=\"wp-image-1815\"\/><\/a><\/figure>\n\n\n\n<figure class=\"wp-block-image size-full\"><a href=\"https:\/\/doprastav.sk\/\" target=\"_blank\" rel=\" noreferrer noopener\"><img loading=\"lazy\" decoding=\"async\" width=\"200\" height=\"82\" src=\"https:\/\/www.uamksr.sk\/uamk\/wp-content\/uploads\/2026\/03\/Doprastav_logo-200.png\" alt=\"\" class=\"wp-image-1810\"\/><\/a><\/figure>\n<\/div>\n\n\n\n<p class=\"has-background\" style=\"background-color:#edcf10\"><\/p>\n\n\n\n<div class=\"wp-block-group is-layout-grid wp-container-core-group-is-layout-9649a0d9 wp-block-group-is-layout-grid\">\n<figure class=\"wp-block-image size-full\"><a href=\"https:\/\/www.posta.sk\/\" target=\"_blank\" rel=\" noreferrer noopener\"><img loading=\"lazy\" decoding=\"async\" width=\"200\" height=\"169\" src=\"https:\/\/www.uamksr.sk\/uamk\/wp-content\/uploads\/2026\/03\/slovenska-posta-200.png\" alt=\"\" class=\"wp-image-1826\"\/><\/a><\/figure>\n\n\n\n<figure class=\"wp-block-image size-full\"><a href=\"https:\/\/dualnaakademia.sk\/\" target=\"_blank\" rel=\" noreferrer noopener\"><img loading=\"lazy\" decoding=\"async\" width=\"200\" height=\"127\" src=\"https:\/\/www.uamksr.sk\/uamk\/wp-content\/uploads\/2026\/03\/akademie-200.png\" alt=\"\" class=\"wp-image-1806\"\/><\/a><\/figure>\n\n\n\n<figure class=\"wp-block-image size-full\"><a href=\"https:\/\/www.mcdonalds.sk\/\" target=\"_blank\" rel=\" noreferrer noopener\"><img loading=\"lazy\" decoding=\"async\" width=\"200\" height=\"175\" src=\"https:\/\/www.uamksr.sk\/uamk\/wp-content\/uploads\/2026\/03\/mcdonaldslogo-200.png\" alt=\"\" class=\"wp-image-1817\"\/><\/a><\/figure>\n\n\n\n<figure class=\"wp-block-image size-full\"><a href=\"https:\/\/mediaworld.agency\/\" target=\"_blank\" rel=\" noreferrer noopener\"><img loading=\"lazy\" decoding=\"async\" width=\"200\" height=\"173\" src=\"https:\/\/www.uamksr.sk\/uamk\/wp-content\/uploads\/2026\/03\/myworld-200.png\" alt=\"\" class=\"wp-image-1820\"\/><\/a><\/figure>\n<\/div>\n\n\n\n<p class=\"has-background\" style=\"background-color:#edcf10\"><\/p>\n\n\n\n<div class=\"wp-block-group is-layout-grid wp-container-core-group-is-layout-9649a0d9 wp-block-group-is-layout-grid\">\n<figure class=\"wp-block-image size-full\"><a href=\"https:\/\/www.aaaauto.sk\/\" target=\"_blank\" rel=\" noreferrer noopener\"><img loading=\"lazy\" decoding=\"async\" width=\"200\" height=\"43\" src=\"https:\/\/www.uamksr.sk\/uamk\/wp-content\/uploads\/2026\/03\/aaaauto-logo_200.png\" alt=\"\" class=\"wp-image-1805\"\/><\/a><\/figure>\n\n\n\n<figure class=\"wp-block-image size-full\"><a href=\"https:\/\/www.aaaauto.sk\/\" target=\"_blank\" rel=\" noreferrer noopener\"><img loading=\"lazy\" decoding=\"async\" width=\"200\" height=\"41\" src=\"https:\/\/www.uamksr.sk\/uamk\/wp-content\/uploads\/2026\/03\/AURES-DRIVERAMA-200.png\" alt=\"\" class=\"wp-image-1808\"\/><\/a><\/figure>\n\n\n\n<figure class=\"wp-block-image size-full\"><a href=\"http:\/\/www.victorysport.sk\/\" target=\"_blank\" rel=\" noreferrer noopener\"><img loading=\"lazy\" decoding=\"async\" width=\"200\" height=\"35\" src=\"https:\/\/www.uamksr.sk\/uamk\/wp-content\/uploads\/2026\/03\/victorylogo-200.png\" alt=\"\" class=\"wp-image-1830\"\/><\/a><\/figure>\n\n\n\n<figure class=\"wp-block-image size-full\"><a href=\"https:\/\/www.renomia.sk\/\" target=\"_blank\" rel=\" noreferrer noopener\"><img loading=\"lazy\" decoding=\"async\" width=\"200\" height=\"55\" src=\"https:\/\/www.uamksr.sk\/uamk\/wp-content\/uploads\/2026\/03\/renomia-logo-200.png\" alt=\"\" class=\"wp-image-1823\"\/><\/a><\/figure>\n<\/div>\n\n\n\n<p class=\"has-background\" style=\"background-color:#edcf10\"><\/p>\n\n\n\n<div class=\"wp-block-group is-layout-grid wp-container-core-group-is-layout-9649a0d9 wp-block-group-is-layout-grid\">\n<figure class=\"wp-block-image size-full\"><a href=\"https:\/\/mobilita.sk\/\" target=\"_blank\" rel=\" noreferrer noopener\"><img loading=\"lazy\" decoding=\"async\" width=\"197\" height=\"30\" src=\"https:\/\/www.uamksr.sk\/uamk\/wp-content\/uploads\/2026\/03\/mobilita-200.png\" alt=\"\" class=\"wp-image-1819\"\/><\/a><\/figure>\n\n\n\n<figure class=\"wp-block-image size-full\"><a href=\"https:\/\/www.abuba.sk\/abuba\/\" target=\"_blank\" rel=\" noreferrer noopener\"><img loading=\"lazy\" decoding=\"async\" width=\"200\" height=\"39\" src=\"https:\/\/www.uamksr.sk\/uamk\/wp-content\/uploads\/2026\/03\/arcidiecezalogo-200.jpg\" alt=\"\" class=\"wp-image-1841\"\/><\/a><\/figure>\n<\/div>\n\n\n\n<p class=\"has-background\" style=\"background-color:#edcf10\"><\/p>\n","protected":false},"excerpt":{"rendered":"","protected":false},"author":1,"featured_media":0,"parent":0,"menu_order":0,"comment_status":"closed","ping_status":"closed","template":"","meta":{"footnotes":""},"class_list":["post-258","page","type-page","status-publish","hentry"],"_links":{"self":[{"href":"https:\/\/www.uamksr.sk\/uamk\/wp-json\/wp\/v2\/pages\/258","targetHints":{"allow":["GET"]}}],"collection":[{"href":"https:\/\/www.uamksr.sk\/uamk\/wp-json\/wp\/v2\/pages"}],"about":[{"href":"https:\/\/www.uamksr.sk\/uamk\/wp-json\/wp\/v2\/types\/page"}],"author":[{"embeddable":true,"href":"https:\/\/www.uamksr.sk\/uamk\/wp-json\/wp\/v2\/users\/1"}],"replies":[{"embeddable":true,"href":"https:\/\/www.uamksr.sk\/uamk\/wp-json\/wp\/v2\/comments?post=258"}],"version-history":[{"count":46,"href":"https:\/\/www.uamksr.sk\/uamk\/wp-json\/wp\/v2\/pages\/258\/revisions"}],"predecessor-version":[{"id":1959,"href":"https:\/\/www.uamksr.sk\/uamk\/wp-json\/wp\/v2\/pages\/258\/revisions\/1959"}],"wp:attachment":[{"href":"https:\/\/www.uamksr.sk\/uamk\/wp-json\/wp\/v2\/media?parent=258"}],"curies":[{"name":"wp","href":"https:\/\/api.w.org\/{rel}","templated":true}]}}