{"id":2180,"date":"2026-03-11T12:17:01","date_gmt":"2026-03-11T11:17:01","guid":{"rendered":"https:\/\/www.uamksr.sk\/uamk\/?page_id=2180"},"modified":"2026-03-21T15:06:09","modified_gmt":"2026-03-21T14:06:09","slug":"overenie-clenstva","status":"publish","type":"page","link":"https:\/\/www.uamksr.sk\/uamk\/overenie-clenstva","title":{"rendered":"Overenie \u010dlenstva"},"content":{"rendered":"\n<h2>Vlo\u017ete cel\u00e9 \u010d\u00edslo \u010dlensk\u00e9ho preukazu, ktor\u00e9ho platnos\u0165 chcete skontrolova\u0165  \n\n<\/h2>\n    <form action=\"https:\/\/www.uamksr.sk\/uamk\/clenstvo\/overenie.php\" method=\"post\">\n        \u010c\u00edslo preukazu: <input type=\"text\" name=\"cislo_preukazu\" required><br><br>\n        <input type=\"submit\" value=\"OK\">\n    <\/form>\n<\/body>\n\n\n\n<p><\/p>\n","protected":false},"excerpt":{"rendered":"<p>Vlo\u017ete cel\u00e9 \u010d\u00edslo \u010dlensk\u00e9ho preukazu, ktor\u00e9ho platnos\u0165 chcete skontrolova\u0165 \u010c\u00edslo preukazu:<\/p>\n","protected":false},"author":1,"featured_media":0,"parent":0,"menu_order":0,"comment_status":"closed","ping_status":"closed","template":"","meta":{"footnotes":""},"class_list":["post-2180","page","type-page","status-publish","hentry"],"_links":{"self":[{"href":"https:\/\/www.uamksr.sk\/uamk\/wp-json\/wp\/v2\/pages\/2180","targetHints":{"allow":["GET"]}}],"collection":[{"href":"https:\/\/www.uamksr.sk\/uamk\/wp-json\/wp\/v2\/pages"}],"about":[{"href":"https:\/\/www.uamksr.sk\/uamk\/wp-json\/wp\/v2\/types\/page"}],"author":[{"embeddable":true,"href":"https:\/\/www.uamksr.sk\/uamk\/wp-json\/wp\/v2\/users\/1"}],"replies":[{"embeddable":true,"href":"https:\/\/www.uamksr.sk\/uamk\/wp-json\/wp\/v2\/comments?post=2180"}],"version-history":[{"count":43,"href":"https:\/\/www.uamksr.sk\/uamk\/wp-json\/wp\/v2\/pages\/2180\/revisions"}],"predecessor-version":[{"id":3296,"href":"https:\/\/www.uamksr.sk\/uamk\/wp-json\/wp\/v2\/pages\/2180\/revisions\/3296"}],"wp:attachment":[{"href":"https:\/\/www.uamksr.sk\/uamk\/wp-json\/wp\/v2\/media?parent=2180"}],"curies":[{"name":"wp","href":"https:\/\/api.w.org\/{rel}","templated":true}]}}