{"id":1911,"date":"2026-03-05T09:32:35","date_gmt":"2026-03-05T08:32:35","guid":{"rendered":"https:\/\/www.uamksr.sk\/uamk\/?page_id=1911"},"modified":"2026-03-05T09:39:20","modified_gmt":"2026-03-05T08:39:20","slug":"system-zabezpecovania-kvality-vzdelavania","status":"publish","type":"page","link":"https:\/\/www.uamksr.sk\/uamk\/system-zabezpecovania-kvality-vzdelavania","title":{"rendered":"Syst\u00e9m zabezpe\u010dovania kvality vzdel\u00e1vania"},"content":{"rendered":"\n<h2 class=\"wp-block-heading\">Inform\u00e1cie pre \u00fa\u010dastn\u00edkov vzdel\u00e1vania<\/h2>\n\n\n\n<p>\u00dastredn\u00fd automotoklub Slovenskej republiky (UAMK) zabezpe\u010duje kvalitu svojich vzdel\u00e1vac\u00edch, eduka\u010dn\u00fdch a prevent\u00edvnych programov prostredn\u00edctvom ucelen\u00e9ho syst\u00e9mu, ktor\u00fd sprev\u00e1dza \u00fa\u010dastn\u00edka po\u010das cel\u00e9ho procesu vzdel\u00e1vania \u2013 od prihl\u00e1senia a\u017e po sp\u00e4tn\u00fa v\u00e4zbu a zlep\u0161ovanie programov. Cie\u013eom syst\u00e9mu zabezpe\u010dovania kvality je poskytova\u0165 \u00fa\u010dastn\u00edkom odborn\u00e9, aktu\u00e1lne a prakticky vyu\u017eite\u013en\u00e9 vzdel\u00e1vanie v oblasti bezpe\u010dnosti cestnej prem\u00e1vky, mobility a prevencie rizikov\u00e9ho spr\u00e1vania v doprave, pri re\u0161pektovan\u00ed individu\u00e1lnych potrieb \u00fa\u010dastn\u00edkov. <\/p>\n\n\n\n<p><strong>Registr\u00e1cia a prijatie na vzdel\u00e1vanie <\/strong><\/p>\n\n\n\n<p>\u00da\u010dastn\u00edci sa na vzdel\u00e1vacie programy prihlasuj\u00fa prostredn\u00edctvom zverejnen\u00fdch inform\u00e1ci\u00ed na webovej str\u00e1nke UAMK. Prihl\u00e1senie prebieha transparentne a spravodlivo, pri\u010dom s\u00fa zverejnen\u00e9 vstupn\u00e9 podmienky, rozsah programu, forma vzdel\u00e1vania, cena a podmienky \u00fa\u010dasti. V pr\u00edpade, \u017ee je to relevantn\u00e9, UAMK zoh\u013ead\u0148uje aj predch\u00e1dzaj\u00face vzdel\u00e1vanie, sk\u00fasenosti alebo neform\u00e1lne u\u010denie sa \u00fa\u010dastn\u00edkov. <\/p>\n\n\n\n<p><strong>Priebeh vzdel\u00e1vania <\/strong><\/p>\n\n\n\n<p>Vzdel\u00e1vacie programy s\u00fa realizovan\u00e9 kvalifikovan\u00fdmi lektormi pod odborn\u00fdm veden\u00edm garanta programu. Pou\u017e\u00edvan\u00e9 met\u00f3dy vzdel\u00e1vania s\u00fa prisp\u00f4soben\u00e9 cie\u013eovej skupine a podporuj\u00fa akt\u00edvnu \u00fa\u010das\u0165, porozumenie a praktick\u00e9 uplatnenie z\u00edskan\u00fdch poznatkov. \u00da\u010dastn\u00edkom je po\u010das vzdel\u00e1vania poskytovan\u00e9 primeran\u00e9 vedenie, podpora a priestor na ot\u00e1zky, diskusiu a individu\u00e1lne konzult\u00e1cie. <\/p>\n\n\n\n<p><strong>Hodnotenie a sp\u00e4tn\u00e1 v\u00e4zba po\u010das vzdel\u00e1vania<\/strong><\/p>\n\n\n\n<p> Priebe\u017en\u00e9 hodnotenie je s\u00fa\u010das\u0165ou vzdel\u00e1vacieho procesu. \u00da\u010dastn\u00edci dost\u00e1vaj\u00fa sp\u00e4tn\u00fa v\u00e4zbu k svojmu zapojeniu, porozumeniu obsahu a dosahovaniu vzdel\u00e1vac\u00edch v\u00fdstupov. Met\u00f3dy a krit\u00e9ri\u00e1 hodnotenia s\u00fa vopred zn\u00e1me a zverejnen\u00e9 v opise vzdel\u00e1vacieho programu. <\/p>\n\n\n\n<p>U<strong>kon\u010denie vzdel\u00e1vania a sp\u00e4tn\u00e1 v\u00e4zba \u00fa\u010dastn\u00edkov <\/strong><\/p>\n\n\n\n<p>Po ukon\u010den\u00ed vzdel\u00e1vacieho programu maj\u00fa \u00fa\u010dastn\u00edci mo\u017enos\u0165 poskytn\u00fa\u0165 sp\u00e4tn\u00fa v\u00e4zbu prostredn\u00edctvom dotazn\u00edkov spokojnosti, hodnotiacich formul\u00e1rov alebo in\u00fdch n\u00e1strojov sp\u00e4tnej v\u00e4zby. Sp\u00e4tn\u00e1 v\u00e4zba sa t\u00fdka obsahu programu, lektorov, organiz\u00e1cie, prostredia a celkovej spokojnosti \u00fa\u010dastn\u00edkov. <\/p>\n\n\n\n<p><strong>Zlep\u0161ovanie kvality vzdel\u00e1vania<\/strong><\/p>\n\n\n\n<p> Z\u00edskan\u00e9 podnety, hodnotenia a s\u0165a\u017enosti s\u00fa pravidelne analyzovan\u00e9 veden\u00edm organiz\u00e1cie a odborn\u00fdmi garantmi. V\u00fdsledky anal\u00fdz sa premietaj\u00fa do aktualiz\u00e1cie vzdel\u00e1vac\u00edch programov, metod\u00edk a do Pl\u00e1nu zlep\u0161ovania kvality. <\/p>\n\n\n\n<p><strong>Rie\u0161enie s\u0165a\u017enost\u00ed a reklam\u00e1ci\u00ed<\/strong><\/p>\n\n\n\n<p>\u00da\u010dastn\u00edci maj\u00fa k dispoz\u00edcii transparentn\u00fd Reklama\u010dn\u00fd poriadok a Postup rie\u0161enia s\u0165a\u017enost\u00ed, ktor\u00e9 upravuj\u00fa sp\u00f4sob uplatnenia a vybavovania podnetov. Tieto dokumenty s\u00fa verejne dostupn\u00e9 na webovej str\u00e1nke organiz\u00e1cie. UAMK sa zav\u00e4zuje poskytova\u0165 vzdel\u00e1vanie v bezpe\u010dnom, re\u0161pektuj\u00facom prostred\u00ed a neust\u00e1le zlep\u0161ova\u0165 kvalitu svojich slu\u017eieb v spolupr\u00e1ci s \u00fa\u010dastn\u00edkmi vzdel\u00e1vania.<\/p>\n\n\n\n<p><strong><a href=\"http:\/\/www.uamksr.sk\/dokumenty\/system_zabezpecovania_kvality_vzdelavanie.pdf\" target=\"_blank\" rel=\"noreferrer noopener\">Stiahn\u00fa\u0165 v pdf form\u00e1te<\/a><\/strong><\/p>\n","protected":false},"excerpt":{"rendered":"<p>Inform\u00e1cie pre \u00fa\u010dastn\u00edkov vzdel\u00e1vania \u00dastredn\u00fd automotoklub Slovenskej republiky (UAMK) zabezpe\u010duje kvalitu svojich vzdel\u00e1vac\u00edch, eduka\u010dn\u00fdch a prevent\u00edvnych programov prostredn\u00edctvom ucelen\u00e9ho syst\u00e9mu, ktor\u00fd sprev\u00e1dza \u00fa\u010dastn\u00edka po\u010das cel\u00e9ho procesu vzdel\u00e1vania \u2013 od prihl\u00e1senia a\u017e po sp\u00e4tn\u00fa v\u00e4zbu a zlep\u0161ovanie programov. Cie\u013eom syst\u00e9mu zabezpe\u010dovania kvality je poskytova\u0165 \u00fa\u010dastn\u00edkom odborn\u00e9, aktu\u00e1lne a prakticky vyu\u017eite\u013en\u00e9 vzdel\u00e1vanie v oblasti bezpe\u010dnosti cestnej prem\u00e1vky, &hellip;<br \/><a href=\"https:\/\/www.uamksr.sk\/uamk\/system-zabezpecovania-kvality-vzdelavania\" class=\"more-link pen_button pen_element_default pen_icon_arrow_double\">\u010c\u00edta\u0165 \u010falej <span class=\"screen-reader-text\">Syst\u00e9m zabezpe\u010dovania kvality vzdel\u00e1vania<\/span><\/a><\/p>\n","protected":false},"author":1,"featured_media":0,"parent":0,"menu_order":0,"comment_status":"closed","ping_status":"closed","template":"","meta":{"footnotes":""},"class_list":["post-1911","page","type-page","status-publish","hentry"],"_links":{"self":[{"href":"https:\/\/www.uamksr.sk\/uamk\/wp-json\/wp\/v2\/pages\/1911","targetHints":{"allow":["GET"]}}],"collection":[{"href":"https:\/\/www.uamksr.sk\/uamk\/wp-json\/wp\/v2\/pages"}],"about":[{"href":"https:\/\/www.uamksr.sk\/uamk\/wp-json\/wp\/v2\/types\/page"}],"author":[{"embeddable":true,"href":"https:\/\/www.uamksr.sk\/uamk\/wp-json\/wp\/v2\/users\/1"}],"replies":[{"embeddable":true,"href":"https:\/\/www.uamksr.sk\/uamk\/wp-json\/wp\/v2\/comments?post=1911"}],"version-history":[{"count":4,"href":"https:\/\/www.uamksr.sk\/uamk\/wp-json\/wp\/v2\/pages\/1911\/revisions"}],"predecessor-version":[{"id":1916,"href":"https:\/\/www.uamksr.sk\/uamk\/wp-json\/wp\/v2\/pages\/1911\/revisions\/1916"}],"wp:attachment":[{"href":"https:\/\/www.uamksr.sk\/uamk\/wp-json\/wp\/v2\/media?parent=1911"}],"curies":[{"name":"wp","href":"https:\/\/api.w.org\/{rel}","templated":true}]}}