{"id":1887,"date":"2026-03-01T21:34:34","date_gmt":"2026-03-01T20:34:34","guid":{"rendered":"https:\/\/www.uamksr.sk\/uamk\/?page_id=1887"},"modified":"2026-03-04T21:39:04","modified_gmt":"2026-03-04T20:39:04","slug":"poistenie","status":"publish","type":"page","link":"https:\/\/www.uamksr.sk\/uamk\/poistenie","title":{"rendered":"Inform\u00e1cia o poisten\u00ed"},"content":{"rendered":"\n<h2 class=\"wp-block-heading has-text-align-center\">Inform\u00e1cia o \u00farazovom poisten\u00ed<\/h2>\n\n\n\n<p class=\"has-background\" style=\"background-color:#edcf10\">D\u0148om 1. 1. 2026 skon\u010dila platnos\u0165 zmluvy o \u00farazovom poisten\u00ed \u010dlenov \u00daAMK \u010d.\u00a0AH0819A21AZA.\u00a0 \u00a0Pre \u010dlensk\u00e9 karty vydan\u00e9 pred 1.1.2026 toto \u00farazov\u00e9 poistenie e\u0161te st\u00e1le plat\u00ed. Pre \u010dlensk\u00e9 karty, ktor\u00e9 \u00dastredn\u00fd automotoklub Slovensk\u00e1 republika vyd\u00e1va\u00a0 po 1.1.2026 bude plati\u0165 nov\u00e1 poistn\u00e1 zmluva, ktor\u00e1 sa aktu\u00e1lne pripravuje. \u010clenov \u00daAMK SR budeme o aktu\u00e1lnej zmene informova\u0165.<\/p>\n\n\n\n<h2 class=\"wp-block-heading\"> <br><\/h2>\n\n\n\n<div class=\"wp-block-columns is-layout-flex wp-container-core-columns-is-layout-9d6595d7 wp-block-columns-is-layout-flex\">\n<div class=\"wp-block-column is-layout-flow wp-block-column-is-layout-flow\">\n<div class=\"wp-block-buttons is-content-justification-center is-layout-flex wp-container-core-buttons-is-layout-16018d1d wp-block-buttons-is-layout-flex\">\n<div class=\"wp-block-button\"><a class=\"wp-block-button__link has-black-color has-text-color has-background has-link-color wp-element-button\" href=\"https:\/\/www.uamksr.sk\/uamk\/prihlaska-za-clena\" style=\"background-color:#edcf10\">Chcem \u010dlensk\u00fd preukaz &#8211; prihl\u00e1\u0161ka za \u010dlena<\/a><\/div>\n<\/div>\n<\/div>\n\n\n\n<div class=\"wp-block-column is-layout-flow wp-block-column-is-layout-flow\">\n<div class=\"wp-block-buttons is-content-justification-center is-layout-flex wp-container-core-buttons-is-layout-16018d1d wp-block-buttons-is-layout-flex\">\n<div class=\"wp-block-button\"><a class=\"wp-block-button__link has-black-color has-text-color has-background has-link-color wp-element-button\" href=\"https:\/\/www.uamksr.sk\/uamk\/prihlaska-za-clena-po\" style=\"background-color:#edcf10\">Prihl\u00e1\u0161ka za \u010dlena  &#8211; pr\u00e1vnick\u00e1 osoba<\/a><\/div>\n<\/div>\n<\/div>\n<\/div>\n\n\n\n<h2 class=\"wp-block-heading\"><\/h2>\n\n\n\n<p><\/p>\n","protected":false},"excerpt":{"rendered":"<p>Inform\u00e1cia o \u00farazovom poisten\u00ed D\u0148om 1. 1. 2026 skon\u010dila platnos\u0165 zmluvy o \u00farazovom poisten\u00ed \u010dlenov \u00daAMK \u010d.\u00a0AH0819A21AZA.\u00a0 \u00a0Pre \u010dlensk\u00e9 karty vydan\u00e9 pred 1.1.2026 toto \u00farazov\u00e9 poistenie e\u0161te st\u00e1le plat\u00ed. Pre \u010dlensk\u00e9 karty, ktor\u00e9 \u00dastredn\u00fd automotoklub Slovensk\u00e1 republika vyd\u00e1va\u00a0 po 1.1.2026 bude plati\u0165 nov\u00e1 poistn\u00e1 zmluva, ktor\u00e1 sa aktu\u00e1lne pripravuje. \u010clenov \u00daAMK SR budeme o aktu\u00e1lnej &hellip;<br \/><a href=\"https:\/\/www.uamksr.sk\/uamk\/poistenie\" class=\"more-link pen_button pen_element_default pen_icon_arrow_double\">\u010c\u00edta\u0165 \u010falej <span class=\"screen-reader-text\">Inform\u00e1cia o poisten\u00ed<\/span><\/a><\/p>\n","protected":false},"author":1,"featured_media":0,"parent":0,"menu_order":0,"comment_status":"closed","ping_status":"closed","template":"","meta":{"footnotes":""},"class_list":["post-1887","page","type-page","status-publish","hentry"],"_links":{"self":[{"href":"https:\/\/www.uamksr.sk\/uamk\/wp-json\/wp\/v2\/pages\/1887","targetHints":{"allow":["GET"]}}],"collection":[{"href":"https:\/\/www.uamksr.sk\/uamk\/wp-json\/wp\/v2\/pages"}],"about":[{"href":"https:\/\/www.uamksr.sk\/uamk\/wp-json\/wp\/v2\/types\/page"}],"author":[{"embeddable":true,"href":"https:\/\/www.uamksr.sk\/uamk\/wp-json\/wp\/v2\/users\/1"}],"replies":[{"embeddable":true,"href":"https:\/\/www.uamksr.sk\/uamk\/wp-json\/wp\/v2\/comments?post=1887"}],"version-history":[{"count":7,"href":"https:\/\/www.uamksr.sk\/uamk\/wp-json\/wp\/v2\/pages\/1887\/revisions"}],"predecessor-version":[{"id":1895,"href":"https:\/\/www.uamksr.sk\/uamk\/wp-json\/wp\/v2\/pages\/1887\/revisions\/1895"}],"wp:attachment":[{"href":"https:\/\/www.uamksr.sk\/uamk\/wp-json\/wp\/v2\/media?parent=1887"}],"curies":[{"name":"wp","href":"https:\/\/api.w.org\/{rel}","templated":true}]}}